{"id":43,"date":"2023-05-12T17:51:39","date_gmt":"2023-05-12T15:51:39","guid":{"rendered":"https:\/\/wisancleaningservice.com\/?page_id=43"},"modified":"2023-05-18T21:12:38","modified_gmt":"2023-05-18T19:12:38","slug":"versicherung","status":"publish","type":"page","link":"https:\/\/wisancleaningservice.com\/index.php\/versicherung\/","title":{"rendered":"Versicherung"},"content":{"rendered":"\t\t<div data-elementor-type=\"wp-page\" data-elementor-id=\"43\" class=\"elementor elementor-43\">\n\t\t\t\t\t\t\t\t\t<section class=\"elementor-section elementor-top-section elementor-element elementor-element-162d3ab elementor-section-full_width elementor-section-height-default elementor-section-height-default\" data-id=\"162d3ab\" data-element_type=\"section\" data-settings=\"{&quot;background_background&quot;:&quot;classic&quot;}\">\n\t\t\t\t\t\t<div class=\"elementor-container elementor-column-gap-default\">\n\t\t\t\t\t<div class=\"elementor-column elementor-col-100 elementor-top-column elementor-element elementor-element-529275b\" data-id=\"529275b\" data-element_type=\"column\">\n\t\t\t<div class=\"elementor-widget-wrap elementor-element-populated\">\n\t\t\t\t\t\t\t\t<section class=\"elementor-section elementor-inner-section elementor-element elementor-element-72358ff elementor-section-boxed elementor-section-height-default elementor-section-height-default\" data-id=\"72358ff\" data-element_type=\"section\">\n\t\t\t\t\t\t<div class=\"elementor-container elementor-column-gap-default\">\n\t\t\t\t\t<div class=\"elementor-column elementor-col-100 elementor-inner-column elementor-element elementor-element-d174fb8\" data-id=\"d174fb8\" data-element_type=\"column\">\n\t\t\t<div class=\"elementor-widget-wrap elementor-element-populated\">\n\t\t\t\t\t\t\t\t<div class=\"elementor-element elementor-element-446f2fb elementor-widget elementor-widget-heading\" data-id=\"446f2fb\" data-element_type=\"widget\" data-widget_type=\"heading.default\">\n\t\t\t\t<div class=\"elementor-widget-container\">\n\t\t\t<style>\/*! elementor - v3.13.3 - 22-05-2023 *\/\n.elementor-heading-title{padding:0;margin:0;line-height:1}.elementor-widget-heading .elementor-heading-title[class*=elementor-size-]>a{color:inherit;font-size:inherit;line-height:inherit}.elementor-widget-heading .elementor-heading-title.elementor-size-small{font-size:15px}.elementor-widget-heading .elementor-heading-title.elementor-size-medium{font-size:19px}.elementor-widget-heading .elementor-heading-title.elementor-size-large{font-size:29px}.elementor-widget-heading .elementor-heading-title.elementor-size-xl{font-size:39px}.elementor-widget-heading .elementor-heading-title.elementor-size-xxl{font-size:59px}<\/style><h2 class=\"elementor-heading-title elementor-size-default\">\u00dcbernimmt die Krankenkasse die Kosten f\u00fcr eine Haushaltshilfe?<\/h2>\t\t<\/div>\n\t\t\t\t<\/div>\n\t\t\t\t<div class=\"elementor-element elementor-element-bd55fe2 elementor-widget elementor-widget-text-editor\" data-id=\"bd55fe2\" data-element_type=\"widget\" data-widget_type=\"text-editor.default\">\n\t\t\t\t<div class=\"elementor-widget-container\">\n\t\t\t<style>\/*! elementor - v3.13.3 - 22-05-2023 *\/\n.elementor-widget-text-editor.elementor-drop-cap-view-stacked .elementor-drop-cap{background-color:#69727d;color:#fff}.elementor-widget-text-editor.elementor-drop-cap-view-framed .elementor-drop-cap{color:#69727d;border:3px solid;background-color:transparent}.elementor-widget-text-editor:not(.elementor-drop-cap-view-default) .elementor-drop-cap{margin-top:8px}.elementor-widget-text-editor:not(.elementor-drop-cap-view-default) .elementor-drop-cap-letter{width:1em;height:1em}.elementor-widget-text-editor .elementor-drop-cap{float:left;text-align:center;line-height:1;font-size:50px}.elementor-widget-text-editor .elementor-drop-cap-letter{display:inline-block}<\/style>\t\t\t\t<section class=\"elementor-section elementor-top-section elementor-element elementor-element-8a2fba0 elementor-section-full_width elementor-section-height-default elementor-section-height-default\" data-id=\"8a2fba0\" data-element_type=\"section\"><div class=\"elementor-container elementor-column-gap-no\"><div class=\"elementor-column elementor-col-100 elementor-top-column elementor-element elementor-element-9450d83\" data-id=\"9450d83\" data-element_type=\"column\"><div class=\"elementor-widget-wrap elementor-element-populated\"><div class=\"elementor-element elementor-element-c01bf84 elementor-widget elementor-widget-hero-banner\" data-id=\"c01bf84\" data-element_type=\"widget\" data-widget_type=\"hero-banner.default\"><div class=\"elementor-widget-container\"><section class=\"banner-area yes banner-bg\" data-background=\"https:\/\/themedox.com\/clentac\/wp-content\/uploads\/2023\/04\/banner_bg.webp\"><div class=\"container\"><div class=\"row justify-content-end\"><div class=\"col-lg-7\"><div class=\"banner-content\"><p class=\"wow fadeInUp\" data-wow-delay=\".6s\">Unter bestimmten Voraussetzungen \u00fcbernimmt die gesetzliche Krankenkasse die Leistungen einer Haushaltshilfe. Dies gilt insbesondere dann, wenn Sie nicht mehr in der Lage sind, den Haushalt selbst\u00e4ndig zu f\u00fchren und keine andere Person in Ihrem Haushalt lebt, die dies tun k\u00f6nnte. An dieser Stelle kommt unsere Haushaltshilfe ins Spiel.<\/p><p class=\"wow fadeInUp\" data-wow-delay=\".6s\">Da wir mit allen gesetzlichen Krankenkassen zusammenarbeiten, ist eine entsprechende Rechnungsstellung kein Problem. Eine Kosten\u00fcbernahme durch die Krankenkasse ist auch m\u00f6glich, wenn Sie aufgrund einer Krankenbehandlung, einer medizinischen Rehabilitation oder einer medizinischen Vorsorgema\u00dfnahme eingeschr\u00e4nkt sind und Ihren Haushalt nicht mehr selbst f\u00fchren k\u00f6nnen.<br \/><br \/>Wir vermitteln Haushaltshilfen f\u00fcr AOK, BARMER, TK &#8211; Techniker Krankenkasse, KKH &#8211; Kaufm\u00e4nnische Krankenkasse, DAK, und viele weitere.<\/p><\/div><\/div><\/div><\/div><\/section><\/div><\/div><\/div><\/div><\/div><\/section>\t\t\t\t\t\t<\/div>\n\t\t\t\t<\/div>\n\t\t\t\t\t<\/div>\n\t\t<\/div>\n\t\t\t\t\t\t\t<\/div>\n\t\t<\/section>\n\t\t\t\t\t<\/div>\n\t\t<\/div>\n\t\t\t\t\t\t\t<\/div>\n\t\t<\/section>\n\t\t\t\t<section class=\"elementor-section elementor-top-section elementor-element elementor-element-2dbed9e elementor-section-boxed elementor-section-height-default elementor-section-height-default\" data-id=\"2dbed9e\" data-element_type=\"section\">\n\t\t\t\t\t\t<div class=\"elementor-container elementor-column-gap-default\">\n\t\t\t\t\t<div class=\"elementor-column elementor-col-100 elementor-top-column elementor-element elementor-element-36de2db\" data-id=\"36de2db\" data-element_type=\"column\">\n\t\t\t<div class=\"elementor-widget-wrap elementor-element-populated\">\n\t\t\t\t\t\t\t\t<section class=\"elementor-section elementor-inner-section elementor-element elementor-element-5958cc6 elementor-section-height-min-height elementor-section-boxed elementor-section-height-default\" data-id=\"5958cc6\" data-element_type=\"section\">\n\t\t\t\t\t\t<div class=\"elementor-container elementor-column-gap-default\">\n\t\t\t\t\t<div class=\"elementor-column elementor-col-20 elementor-inner-column elementor-element elementor-element-01e28e4\" data-id=\"01e28e4\" data-element_type=\"column\" data-settings=\"{&quot;background_background&quot;:&quot;classic&quot;}\">\n\t\t\t<div class=\"elementor-widget-wrap elementor-element-populated\">\n\t\t\t\t\t<div class=\"elementor-background-overlay\"><\/div>\n\t\t\t\t\t\t\t\t<div class=\"elementor-element elementor-element-76c6f61 elementor-widget elementor-widget-image\" data-id=\"76c6f61\" data-element_type=\"widget\" data-widget_type=\"image.default\">\n\t\t\t\t<div class=\"elementor-widget-container\">\n\t\t\t<style>\/*! elementor - v3.13.3 - 22-05-2023 *\/\n.elementor-widget-image{text-align:center}.elementor-widget-image a{display:inline-block}.elementor-widget-image a img[src$=\".svg\"]{width:48px}.elementor-widget-image img{vertical-align:middle;display:inline-block}<\/style>\t\t\t\t\t\t\t\t\t\t\t\t<img decoding=\"async\" width=\"1024\" height=\"726\" src=\"https:\/\/wisancleaningservice.com\/wp-content\/uploads\/2023\/05\/aok-1024x726.png\" class=\"attachment-large size-large wp-image-1291\" alt=\"\" loading=\"lazy\" srcset=\"https:\/\/wisancleaningservice.com\/wp-content\/uploads\/2023\/05\/aok-1024x726.png 1024w, https:\/\/wisancleaningservice.com\/wp-content\/uploads\/2023\/05\/aok-300x213.png 300w, https:\/\/wisancleaningservice.com\/wp-content\/uploads\/2023\/05\/aok-768x544.png 768w, https:\/\/wisancleaningservice.com\/wp-content\/uploads\/2023\/05\/aok.png 1054w\" sizes=\"(max-width: 1024px) 100vw, 1024px\" \/>\t\t\t\t\t\t\t\t\t\t\t\t\t\t\t<\/div>\n\t\t\t\t<\/div>\n\t\t\t\t\t<\/div>\n\t\t<\/div>\n\t\t\t\t<div class=\"elementor-column elementor-col-20 elementor-inner-column elementor-element elementor-element-542467e\" data-id=\"542467e\" data-element_type=\"column\" data-settings=\"{&quot;background_background&quot;:&quot;classic&quot;}\">\n\t\t\t<div class=\"elementor-widget-wrap elementor-element-populated\">\n\t\t\t\t\t<div class=\"elementor-background-overlay\"><\/div>\n\t\t\t\t\t\t\t\t<div class=\"elementor-element elementor-element-07d681e elementor-widget-mobile__width-initial elementor-widget elementor-widget-image\" data-id=\"07d681e\" data-element_type=\"widget\" data-widget_type=\"image.default\">\n\t\t\t\t<div class=\"elementor-widget-container\">\n\t\t\t\t\t\t\t\t\t\t\t\t\t\t\t<img decoding=\"async\" width=\"1024\" height=\"1024\" src=\"https:\/\/wisancleaningservice.com\/wp-content\/uploads\/2023\/05\/techniker-krankenkasse-1-logo-png-transparent-1024x1024.png\" class=\"attachment-large size-large wp-image-1294\" alt=\"\" loading=\"lazy\" srcset=\"https:\/\/wisancleaningservice.com\/wp-content\/uploads\/2023\/05\/techniker-krankenkasse-1-logo-png-transparent-1024x1024.png 1024w, https:\/\/wisancleaningservice.com\/wp-content\/uploads\/2023\/05\/techniker-krankenkasse-1-logo-png-transparent-300x300.png 300w, https:\/\/wisancleaningservice.com\/wp-content\/uploads\/2023\/05\/techniker-krankenkasse-1-logo-png-transparent-150x150.png 150w, https:\/\/wisancleaningservice.com\/wp-content\/uploads\/2023\/05\/techniker-krankenkasse-1-logo-png-transparent-768x768.png 768w, https:\/\/wisancleaningservice.com\/wp-content\/uploads\/2023\/05\/techniker-krankenkasse-1-logo-png-transparent-1536x1536.png 1536w, https:\/\/wisancleaningservice.com\/wp-content\/uploads\/2023\/05\/techniker-krankenkasse-1-logo-png-transparent-2048x2048.png 2048w\" sizes=\"(max-width: 1024px) 100vw, 1024px\" \/>\t\t\t\t\t\t\t\t\t\t\t\t\t\t\t<\/div>\n\t\t\t\t<\/div>\n\t\t\t\t\t<\/div>\n\t\t<\/div>\n\t\t\t\t<div class=\"elementor-column elementor-col-20 elementor-inner-column elementor-element elementor-element-a01d0af\" data-id=\"a01d0af\" data-element_type=\"column\">\n\t\t\t<div class=\"elementor-widget-wrap elementor-element-populated\">\n\t\t\t\t\t\t\t\t<div class=\"elementor-element elementor-element-9d68785 elementor-widget elementor-widget-image\" data-id=\"9d68785\" data-element_type=\"widget\" data-widget_type=\"image.default\">\n\t\t\t\t<div class=\"elementor-widget-container\">\n\t\t\t\t\t\t\t\t\t\t\t\t\t\t\t<img decoding=\"async\" width=\"1024\" height=\"156\" src=\"https:\/\/wisancleaningservice.com\/wp-content\/uploads\/2023\/05\/BARMER_Logo.svg-1024x156.png\" class=\"attachment-large size-large wp-image-1292\" alt=\"\" loading=\"lazy\" srcset=\"https:\/\/wisancleaningservice.com\/wp-content\/uploads\/2023\/05\/BARMER_Logo.svg-1024x156.png 1024w, https:\/\/wisancleaningservice.com\/wp-content\/uploads\/2023\/05\/BARMER_Logo.svg-300x46.png 300w, https:\/\/wisancleaningservice.com\/wp-content\/uploads\/2023\/05\/BARMER_Logo.svg-768x117.png 768w, https:\/\/wisancleaningservice.com\/wp-content\/uploads\/2023\/05\/BARMER_Logo.svg.png 1200w\" sizes=\"(max-width: 1024px) 100vw, 1024px\" \/>\t\t\t\t\t\t\t\t\t\t\t\t\t\t\t<\/div>\n\t\t\t\t<\/div>\n\t\t\t\t\t<\/div>\n\t\t<\/div>\n\t\t\t\t<div class=\"elementor-column elementor-col-20 elementor-inner-column elementor-element elementor-element-81ead97 elementor-hidden-mobile\" data-id=\"81ead97\" data-element_type=\"column\" data-settings=\"{&quot;background_background&quot;:&quot;classic&quot;}\">\n\t\t\t<div class=\"elementor-widget-wrap elementor-element-populated\">\n\t\t\t\t\t<div class=\"elementor-background-overlay\"><\/div>\n\t\t\t\t\t\t\t\t<div class=\"elementor-element elementor-element-b392bd8 elementor-widget elementor-widget-image\" data-id=\"b392bd8\" data-element_type=\"widget\" data-widget_type=\"image.default\">\n\t\t\t\t<div class=\"elementor-widget-container\">\n\t\t\t\t\t\t\t\t\t\t\t\t\t\t\t<img decoding=\"async\" width=\"1024\" height=\"186\" src=\"https:\/\/wisancleaningservice.com\/wp-content\/uploads\/2023\/05\/KKH-Allianz_2012_logo.svg-1024x186.png\" class=\"attachment-large size-large wp-image-1293\" alt=\"\" loading=\"lazy\" srcset=\"https:\/\/wisancleaningservice.com\/wp-content\/uploads\/2023\/05\/KKH-Allianz_2012_logo.svg-1024x186.png 1024w, https:\/\/wisancleaningservice.com\/wp-content\/uploads\/2023\/05\/KKH-Allianz_2012_logo.svg-300x54.png 300w, https:\/\/wisancleaningservice.com\/wp-content\/uploads\/2023\/05\/KKH-Allianz_2012_logo.svg-768x140.png 768w, https:\/\/wisancleaningservice.com\/wp-content\/uploads\/2023\/05\/KKH-Allianz_2012_logo.svg-1536x279.png 1536w, https:\/\/wisancleaningservice.com\/wp-content\/uploads\/2023\/05\/KKH-Allianz_2012_logo.svg-2048x372.png 2048w\" sizes=\"(max-width: 1024px) 100vw, 1024px\" \/>\t\t\t\t\t\t\t\t\t\t\t\t\t\t\t<\/div>\n\t\t\t\t<\/div>\n\t\t\t\t\t<\/div>\n\t\t<\/div>\n\t\t\t\t<div class=\"elementor-column elementor-col-20 elementor-inner-column elementor-element elementor-element-96c0f30 elementor-hidden-mobile\" data-id=\"96c0f30\" data-element_type=\"column\" data-settings=\"{&quot;background_background&quot;:&quot;classic&quot;}\">\n\t\t\t<div class=\"elementor-widget-wrap elementor-element-populated\">\n\t\t\t\t\t<div class=\"elementor-background-overlay\"><\/div>\n\t\t\t\t\t\t\t\t<div class=\"elementor-element elementor-element-ad4f32f elementor-widget elementor-widget-image\" data-id=\"ad4f32f\" data-element_type=\"widget\" data-widget_type=\"image.default\">\n\t\t\t\t<div class=\"elementor-widget-container\">\n\t\t\t\t\t\t\t\t\t\t\t\t\t\t\t<img decoding=\"async\" width=\"1024\" height=\"552\" src=\"https:\/\/wisancleaningservice.com\/wp-content\/uploads\/2023\/05\/2560px-DAK-Gesundheit_logo.svg-1024x552.png\" class=\"attachment-large size-large wp-image-1290\" alt=\"\" loading=\"lazy\" srcset=\"https:\/\/wisancleaningservice.com\/wp-content\/uploads\/2023\/05\/2560px-DAK-Gesundheit_logo.svg-1024x552.png 1024w, https:\/\/wisancleaningservice.com\/wp-content\/uploads\/2023\/05\/2560px-DAK-Gesundheit_logo.svg-300x162.png 300w, https:\/\/wisancleaningservice.com\/wp-content\/uploads\/2023\/05\/2560px-DAK-Gesundheit_logo.svg-768x414.png 768w, https:\/\/wisancleaningservice.com\/wp-content\/uploads\/2023\/05\/2560px-DAK-Gesundheit_logo.svg-1536x828.png 1536w, https:\/\/wisancleaningservice.com\/wp-content\/uploads\/2023\/05\/2560px-DAK-Gesundheit_logo.svg-2048x1104.png 2048w\" sizes=\"(max-width: 1024px) 100vw, 1024px\" \/>\t\t\t\t\t\t\t\t\t\t\t\t\t\t\t<\/div>\n\t\t\t\t<\/div>\n\t\t\t\t\t<\/div>\n\t\t<\/div>\n\t\t\t\t\t\t\t<\/div>\n\t\t<\/section>\n\t\t\t\t\t<\/div>\n\t\t<\/div>\n\t\t\t\t\t\t\t<\/div>\n\t\t<\/section>\n\t\t\t\t\t\t\t<\/div>\n\t\t","protected":false},"excerpt":{"rendered":"<p>\u00dcbernimmt die Krankenkasse die Kosten f\u00fcr eine Haushaltshilfe? Unter bestimmten Voraussetzungen \u00fcbernimmt die gesetzliche Krankenkasse die Leistungen einer Haushaltshilfe. Dies gilt insbesondere dann, wenn Sie nicht mehr in der Lage sind, den Haushalt selbst\u00e4ndig zu f\u00fchren und keine andere Person in Ihrem Haushalt lebt, die dies tun k\u00f6nnte. An dieser Stelle kommt unsere Haushaltshilfe ins &hellip;<\/p>\n<p class=\"read-more\"> <a class=\"\" href=\"https:\/\/wisancleaningservice.com\/index.php\/versicherung\/\"> <span class=\"screen-reader-text\">Versicherung<\/span> Read More &raquo;<\/a><\/p>\n","protected":false},"author":1,"featured_media":0,"parent":0,"menu_order":0,"comment_status":"closed","ping_status":"closed","template":"","meta":{"om_disable_all_campaigns":false,"_mi_skip_tracking":false,"_monsterinsights_sitenote_active":false,"_monsterinsights_sitenote_note":"","_monsterinsights_sitenote_category":0,"site-sidebar-layout":"no-sidebar","site-content-layout":"page-builder","ast-global-header-display":"","ast-banner-title-visibility":"","ast-main-header-display":"","ast-hfb-above-header-display":"","ast-hfb-below-header-display":"","ast-hfb-mobile-header-display":"","site-post-title":"disabled","ast-breadcrumbs-content":"","ast-featured-img":"disabled","footer-sml-layout":"","theme-transparent-header-meta":"","adv-header-id-meta":"","stick-header-meta":"","header-above-stick-meta":"","header-main-stick-meta":"","header-below-stick-meta":""},"aioseo_notices":[],"_links":{"self":[{"href":"https:\/\/wisancleaningservice.com\/index.php\/wp-json\/wp\/v2\/pages\/43"}],"collection":[{"href":"https:\/\/wisancleaningservice.com\/index.php\/wp-json\/wp\/v2\/pages"}],"about":[{"href":"https:\/\/wisancleaningservice.com\/index.php\/wp-json\/wp\/v2\/types\/page"}],"author":[{"embeddable":true,"href":"https:\/\/wisancleaningservice.com\/index.php\/wp-json\/wp\/v2\/users\/1"}],"replies":[{"embeddable":true,"href":"https:\/\/wisancleaningservice.com\/index.php\/wp-json\/wp\/v2\/comments?post=43"}],"version-history":[{"count":27,"href":"https:\/\/wisancleaningservice.com\/index.php\/wp-json\/wp\/v2\/pages\/43\/revisions"}],"predecessor-version":[{"id":1347,"href":"https:\/\/wisancleaningservice.com\/index.php\/wp-json\/wp\/v2\/pages\/43\/revisions\/1347"}],"wp:attachment":[{"href":"https:\/\/wisancleaningservice.com\/index.php\/wp-json\/wp\/v2\/media?parent=43"}],"curies":[{"name":"wp","href":"https:\/\/api.w.org\/{rel}","templated":true}]}}